{"id":1662,"date":"2025-03-16T11:00:00","date_gmt":"2025-03-16T11:00:00","guid":{"rendered":"https:\/\/www.connect-smartdrive.com\/?post_type=city-service&#038;p=1662"},"modified":"2025-05-14T13:28:50","modified_gmt":"2025-05-14T13:28:50","slug":"transfert-nice-cannes","status":"publish","type":"city-service","link":"https:\/\/connect-smartdrive.com\/fr\/transfert-nice-cannes\/","title":{"rendered":"VTC Nice &#8211; Cannes"},"content":{"rendered":"<section id=\"booking\" class=\"sec-a-hero sec-a-page section-dark section-pattern section-60 \">\n    <div class=\"container\">\n                <div class=\"col-1 content\">\n            <h1 class=\"title max-343\">VTC Nice &#8211; Cannes en longeant la French Riviera<\/h1>\n            <div class=\"max-343\"><p>Vous souhaitez r\u00e9aliser un transfert Nice Cannes en VTC \u00e0 partir de la ville ou de l\u2019a\u00e9roport, la soci\u00e9t\u00e9 Connect Smart Drive a tout pr\u00e9vu pour que votre voyage se r\u00e9alise confortablement.<\/p>\n<p>Faites confiance \u00e0 une entreprise sp\u00e9cialis\u00e9e dans le tourisme de luxe et dans le transport de personnes qui r\u00e9alise des transferts sur l\u2019ensemble des stations baln\u00e9aires azur\u00e9ennes dans le cadre du tourisme international et du tourisme d\u2019affaires.<\/p>\n<\/div>\n        <\/div>\n        <div class=\"col-2\">\n            <div class=\"booking-form max-343 page will-glow\">\n    <label hidden=\"\" class=\"input-hidden-lang\" data-lang=\"fr\"><\/label>\n    <div class=\"inputs\">\n                <div id=\"startPoint\" class=\"input-container input-container-text\">\n            <label>\n                <i class=\"icon s1 i-csd-startpoint\"><\/i>\n                <input type=\"text\" id=\"fromTextField\" placeholder=\"Adresse de d\u00e9part\" value=\"Nice\" class=\"pac-target-input\" autocomplete=\"off\">\n            <\/label>\n        <\/div>\n                <div id=\"swapPoints\" class=\"input-swap\">\n            <i class=\"icon s1 i-o-swap-vertical\"><\/i>\n        <\/div>\n                        <div id=\"endPoint\" class=\"input-container input-container-text\">\n            <label>\n                <i class=\"icon s1 i-csd-flag-checkered\"><\/i>\n                <input type=\"text\" id=\"toTextField\" placeholder=\"Adresse d'arriv\u00e9e\" value=\"Cannes\" class=\"pac-target-input\" autocomplete=\"off\">\n            <\/label>\n        <\/div>\n            <\/div>\n    <a id=\"viewPricesButton\" class=\"cta\" href=\"https:\/\/booking.connect-smartdrive.com\/fr\">Voir les prix<\/a>\n<\/div>\n\n        <\/div>\n            <\/div>\n<\/section>\n\n\n\n<section class=\"sec-c-content-columns section-pt-8 section-pb-8 section-grey  section-70 \">\n    <div class=\"container\">\n                        <div class=\"row-50-50  content\">\n            <div class=\"col-1 max-311\">\n                <div class=\"headline\">\n                                            <h2 >Connect Smart Drive vous r\u00e9ceptionne de l\u2019a\u00e9roport Nice pour un transfert jusqu\u2019\u00e0 Cannes<\/h2>\n                                        <div class=\"description\"><p>Tout d\u2019abord, sachez que les courses en VTC Nice Cannes sont r\u00e9currentes tout au long de l\u2019ann\u00e9e. Elles concernent en premier lieu les habitants de la ville de Cannes qui privil\u00e9gient ce mode de transport lors de leur retour de voyage ou pour se rendre \u00e0 l\u2019a\u00e9roport. D\u2019ailleurs, sachez que Connect Smart Drive reste r\u00e9ceptif au transport des seniors qui ont besoin d\u2019un mode de transport personnalis\u00e9 et s\u00e9curis\u00e9 pour se d\u00e9placer lors de leur voyage.<\/p>\n<p>Bien entendu, notre soci\u00e9t\u00e9 r\u00e9alise aussi les trajets en sens inverse de Cannes vers Nice Ville ou Nice a\u00e9roport. De plus, il est tout \u00e0 fait possible de r\u00e9server aupr\u00e8s de notre agence de transport VTC pour \u00eatre d\u00e9pos\u00e9 sur les villes suivantes :<\/p>\n<ul>\n<li>Antibes<\/li>\n<li>Cagnes sur Mer<\/li>\n<li>Le Cannet<\/li>\n<li>Mandelieu La Napoule<\/li>\n<li><a href=\"https:\/\/www.connect-smartdrive.com\/fr\/vtc-nice-saint-raphael\/\">Saint Rapha\u00ebl<\/a><\/li>\n<li>Saint Maxime<\/li>\n<\/ul>\n<p>Pour avoir une id\u00e9e pr\u00e9cise du tarif applicable et r\u00e9server, nous vous invitons \u00e0 utiliser le simulateur en ligne <a href=\"#booking\">pr\u00e9sent sur notre site internet<\/a> puis valider.<\/p>\n<\/div>\n                <\/div>\n                            <\/div>\n            <div class=\"col-2 max-343\">\n                                                    <img class=\"null\" alt=\"Le centre ville de Nice avec la vue sur la Mer M\u00e9diterran\u00e9e\" \n                        width=\"992\"\n                        height=\"1589\"\n                        srcset=\"https:\/\/connect-smartdrive.com\/app\/uploads\/2024\/06\/nice-cote-d-azur-3-768x1230.webp 768w, https:\/\/connect-smartdrive.com\/app\/uploads\/2024\/06\/nice-cote-d-azur-3-172x276.webp 172w, https:\/\/connect-smartdrive.com\/app\/uploads\/2024\/06\/nice-cote-d-azur-3-343x549.webp 343w, https:\/\/connect-smartdrive.com\/app\/uploads\/2024\/06\/nice-cote-d-azur-3-480x769.webp 480w, https:\/\/connect-smartdrive.com\/app\/uploads\/2024\/06\/nice-cote-d-azur-3.webp 992w\" \n                        sizes=\"(max-width: 768px) 100vw, \n                            50vw\">\n                            <\/div>\n        <\/div>\n            <\/div>\n    <\/section>\n\n\n\n<section class=\"sec-c-content-columns section-pt-8 section-pb-8 section-pink section-60 \">\n    <div class=\"container\">\n                        <div class=\"row-48-39  content\">\n            <div class=\"col-1 max-311\">\n                <div class=\"headline\">\n                                            <h2 class=\"h1\" >R\u00e9servez en obtenant notre application<\/h2>\n                                        <div class=\"description\"><p>Avec l\u2019application Connect Smart Drive, r\u00e9server un VTC \u00e0 Nice n\u2019a jamais \u00e9t\u00e9 aussi simple. En quelques clics, vous pouvez organiser vos d\u00e9placements, s\u00e9lectionner le v\u00e9hicule qui r\u00e9pond le mieux \u00e0 vos besoins et recevoir une confirmation imm\u00e9diate de votre r\u00e9servation. De plus, nos services flexibles vous offrent la possibilit\u00e9 d\u2019ajuster votre trajet \u00e0 tout moment.<\/p>\n<\/div>\n                <\/div>\n                                <div class=\"buttons\">\n                                            <a href=\"#modal-app\" class=\"cta\">Obtenir l&rsquo;application<\/a>\n                                                        <\/div>\n                            <\/div>\n            <div class=\"col-2 max-343\">\n                                                    <img class=\"image-style-handphone\" alt=\"Book a Private Driver with Connect Smart Drive\" \n                        width=\"890\"\n                        height=\"902\"\n                        srcset=\"https:\/\/connect-smartdrive.com\/app\/uploads\/2024\/05\/connect-smart-drive-services-vtc-prives-768x778.webp 768w, https:\/\/connect-smartdrive.com\/app\/uploads\/2024\/05\/connect-smart-drive-services-vtc-prives-172x174.webp 172w, https:\/\/connect-smartdrive.com\/app\/uploads\/2024\/05\/connect-smart-drive-services-vtc-prives-343x348.webp 343w, https:\/\/connect-smartdrive.com\/app\/uploads\/2024\/05\/connect-smart-drive-services-vtc-prives-480x486.webp 480w, https:\/\/connect-smartdrive.com\/app\/uploads\/2024\/05\/connect-smart-drive-services-vtc-prives.webp 890w\" \n                        sizes=\"(max-width: 768px) 100vw, \n                            50vw\">\n                            <\/div>\n        <\/div>\n            <\/div>\n    <\/section>\n\n\n\n<section class=\"sec-c-content-columns section-pt-8 section-pb-8 section-grey  section-70 section-reverse \">\n    <div class=\"container\">\n                        <div class=\"row-50-50  content\">\n            <div class=\"col-1 max-311\">\n                <div class=\"headline\">\n                                            <h2 >Une prise en charge effective au sein d\u2019un v\u00e9hicule haut de gamme<\/h2>\n                                        <div class=\"description\"><p>Chez Connect Smart Drive, nous savons que les voyageurs qui r\u00e9servent un transfert Nice Cannes recherchent un service haut de gamme. La majorit\u00e9 de notre client\u00e8le est constitu\u00e9e de locaux qui voyagent de fa\u00e7on r\u00e9currente, d\u2019hommes d\u2019entreprises faisant du tourisme d&rsquo;affaires dans la r\u00e9gion ainsi que la client\u00e8le \u00e9trang\u00e8re venant participer au Festival du Film.<\/p>\n<p>Pour que nous puissions vous identifier facilement d\u00e8s votre arriv\u00e9e au Terminal de l\u2019a\u00e9roport de Nice, nos chauffeurs disposent d\u2019une pancarte o\u00f9 votre nom est affich\u00e9. Cette modalit\u00e9 permet de vous prendre en charge plus rapidement et surtout de pouvoir vous accueillir en vous soulageant apr\u00e8s un voyage fatiguant en avion. Par la suite, nous savons que le trajet sur la French Riviera est un v\u00e9ritable r\u00e9gal. Le long de la c\u00f4te azur\u00e9enne, vous pourrez vous d\u00e9tendre jusqu&rsquo;\u00e0 votre arriv\u00e9e sur Cannes en admirant le paysage maritime pour vous d\u00e9contracter. <\/p>\n<p>De plus, si vous avez besoin de continuer \u00e0 organiser votre planning ou travailler \u00e0 l\u2019aide de votre ordinateur, vous pouvez profiter de notre connexion WIFI.<\/p>\n<\/div>\n                <\/div>\n                            <\/div>\n            <div class=\"col-2 max-343\">\n                                                    <img class=\"null\" alt=\"La plage de Nice\" \n                        width=\"992\"\n                        height=\"1489\"\n                        srcset=\"https:\/\/connect-smartdrive.com\/app\/uploads\/2024\/06\/nice-cote-d-azur-4-768x1153.webp 768w, https:\/\/connect-smartdrive.com\/app\/uploads\/2024\/06\/nice-cote-d-azur-4-172x258.webp 172w, https:\/\/connect-smartdrive.com\/app\/uploads\/2024\/06\/nice-cote-d-azur-4-343x515.webp 343w, https:\/\/connect-smartdrive.com\/app\/uploads\/2024\/06\/nice-cote-d-azur-4-480x720.webp 480w, https:\/\/connect-smartdrive.com\/app\/uploads\/2024\/06\/nice-cote-d-azur-4.webp 992w\" \n                        sizes=\"(max-width: 768px) 100vw, \n                            50vw\">\n                            <\/div>\n        <\/div>\n            <\/div>\n    <\/section>\n\n\n\n<section class=\"sec-c-content-columns section-pt-8 section-pb-8 section-grey  section-70 \">\n    <div class=\"container\">\n                        <div class=\"row-50-50  content\">\n            <div class=\"col-1 max-311\">\n                <div class=\"headline\">\n                                            <h2 >Profitez de notre exp\u00e9rience in\u00e9dite de transport lors du Festival de Cannes<\/h2>\n                                        <div class=\"description\"><p>Cannes, c\u2019est aussi une ville c\u00f4ti\u00e8re l\u00e9gendaire dans le monde qui attire des millions de visiteurs chaque ann\u00e9e. En effet, toute la client\u00e8le internationale transite par l\u2019a\u00e9roport de Nice pour rejoindre le Festival de Cannes exer\u00e7ant aussi une pression continue sur la demande en transport priv\u00e9 \u00e0 cette p\u00e9riode. Cin\u00e9philes et stars du cin\u00e9ma pourront ainsi r\u00e9server une flotte de v\u00e9hicules cons\u00e9quente sur le site de notre entreprise. Si vous souhaitez obtenir un devis pr\u00e9cis pour tout votre s\u00e9jour, vous pouvez nous envoyer une demande par email qui sera \u00e9tudi\u00e9e minutieusement.  <\/p>\n<p>Par exp\u00e9rience, nous savons que les besoins en chauffeur priv\u00e9 sont r\u00e9currents tout au long du festival. En plus de l&rsquo;\u00e9v\u00e9nement, les galas, soir\u00e9es priv\u00e9es, projections sont d\u2019autres occasions vous n\u00e9cessiteraient le renfort de nos chauffeurs priv\u00e9s pour vous d\u00e9placer \u00e0 votre convenance. <\/p>\n<\/div>\n                <\/div>\n                                <div class=\"buttons\">\n                                            <a href=\"#booking\" class=\"cta\">R\u00e9server mon transfert vers Cannes<\/a>\n                                                        <\/div>\n                            <\/div>\n            <div class=\"col-2 max-343\">\n                                                    <img class=\"null\" alt=\"Festival de Cannes\" \n                        width=\"992\"\n                        height=\"1486\"\n                        srcset=\"https:\/\/connect-smartdrive.com\/app\/uploads\/2025\/03\/festival-de-cannes-768x1150.webp 768w, https:\/\/connect-smartdrive.com\/app\/uploads\/2025\/03\/festival-de-cannes-172x258.webp 172w, https:\/\/connect-smartdrive.com\/app\/uploads\/2025\/03\/festival-de-cannes-343x514.webp 343w, https:\/\/connect-smartdrive.com\/app\/uploads\/2025\/03\/festival-de-cannes-480x719.webp 480w, https:\/\/connect-smartdrive.com\/app\/uploads\/2025\/03\/festival-de-cannes.webp 992w\" \n                        sizes=\"(max-width: 768px) 100vw, \n                            50vw\">\n                            <\/div>\n        <\/div>\n            <\/div>\n    <\/section>\n\n\n<section class=\"sec-e-content-columns section-pt-8 section-light  section-70 \">\n    <div class=\"container max-311\">\n        <div class=\"headline\">\n            <h2 class=\"title \">Votre satisfaction est notre priorit\u00e9<\/h2>\n        <\/div>\n        <div class=\"content row-50-50\">\n            <div class=\"col-1\">\n                <div class=\"image\">\n                                                                <img decoding=\"async\" alt=\"5 stars\" src=\"https:\/\/connect-smartdrive.com\/app\/uploads\/2024\/05\/five-stars.svg\">\n                                    <\/div>\n                                    <div class=\"text h4\">Nos chauffeurs VTC vous garantissent un service irr\u00e9prochable<\/div>\n                            <\/div>\n            <div class=\"col-2 \">\n                <div><p>Nos chauffeurs VTC sont d\u00e9di\u00e9s \u00e0 fournir un service irr\u00e9prochable, alliant confort, ponctualit\u00e9 et s\u00e9curit\u00e9. Profitez d\u2019un trajet sans stress et d\u2019une exp\u00e9rience client exceptionnelle, que ce soit pour vos d\u00e9placements professionnels ou personnels. R\u00e9servez d\u00e8s maintenant pour un voyage en toute tranquillit\u00e9 avec Connect Smart Drive.<\/p>\n<\/div>\n                                    <a href=\"#booking\" class=\"cta\">R\u00e9server une course<\/a>\n                            <\/div>\n        <\/div>\n    <\/div>\n<\/section>","protected":false},"template":"","meta":{"_acf_changed":true},"city":[13],"class_list":["post-1662","city-service","type-city-service","status-publish","hentry"],"acf":[],"_links":{"self":[{"href":"https:\/\/connect-smartdrive.com\/fr\/wp-json\/wp\/v2\/city-service\/1662","targetHints":{"allow":["GET"]}}],"collection":[{"href":"https:\/\/connect-smartdrive.com\/fr\/wp-json\/wp\/v2\/city-service"}],"about":[{"href":"https:\/\/connect-smartdrive.com\/fr\/wp-json\/wp\/v2\/types\/city-service"}],"wp:attachment":[{"href":"https:\/\/connect-smartdrive.com\/fr\/wp-json\/wp\/v2\/media?parent=1662"}],"wp:term":[{"taxonomy":"city","embeddable":true,"href":"https:\/\/connect-smartdrive.com\/fr\/wp-json\/wp\/v2\/city?post=1662"}],"curies":[{"name":"wp","href":"https:\/\/api.w.org\/{rel}","templated":true}]}}

<section id="booking" class="sec-a-hero sec-a-page section-dark section-pattern section-60 ">
    <div class="container">
                <div class="col-1 content">
            <h1 class="title max-343">VTC Nice &#8211; Cannes en longeant la French Riviera</h1>
            <div class="max-343"><p>Vous souhaitez réaliser un transfert Nice Cannes en VTC à partir de la ville ou de l’aéroport, la société Connect Smart Drive a tout prévu pour que votre voyage se réalise confortablement.</p>
<p>Faites confiance à une entreprise spécialisée dans le tourisme de luxe et dans le transport de personnes qui réalise des transferts sur l’ensemble des stations balnéaires azuréennes dans le cadre du tourisme international et du tourisme d’affaires.</p>
</div>
        </div>
        <div class="col-2">
            <div class="booking-form max-343 page will-glow">
    <label hidden="" class="input-hidden-lang" data-lang="fr"></label>
    <div class="inputs">
                <div id="startPoint" class="input-container input-container-text">
            <label>
                <i class="icon s1 i-csd-startpoint"></i>
                <input type="text" id="fromTextField" placeholder="Adresse de départ" value="Nice" class="pac-target-input" autocomplete="off">
            </label>
        </div>
                <div id="swapPoints" class="input-swap">
            <i class="icon s1 i-o-swap-vertical"></i>
        </div>
                        <div id="endPoint" class="input-container input-container-text">
            <label>
                <i class="icon s1 i-csd-flag-checkered"></i>
                <input type="text" id="toTextField" placeholder="Adresse d'arrivée" value="Cannes" class="pac-target-input" autocomplete="off">
            </label>
        </div>
            </div>
    <a id="viewPricesButton" class="cta" href="https://booking.connect-smartdrive.com/fr">Voir les prix</a>
</div>

        </div>
            </div>
</section>



<section class="sec-c-content-columns section-pt-8 section-pb-8 section-grey  section-70 ">
    <div class="container">
                        <div class="row-50-50  content">
            <div class="col-1 max-311">
                <div class="headline">
                                            <h2 >Connect Smart Drive vous réceptionne de l’aéroport Nice pour un transfert jusqu’à Cannes</h2>
                                        <div class="description"><p>Tout d’abord, sachez que les courses en VTC Nice Cannes sont récurrentes tout au long de l’année. Elles concernent en premier lieu les habitants de la ville de Cannes qui privilégient ce mode de transport lors de leur retour de voyage ou pour se rendre à l’aéroport. D’ailleurs, sachez que Connect Smart Drive reste réceptif au transport des seniors qui ont besoin d’un mode de transport personnalisé et sécurisé pour se déplacer lors de leur voyage.</p>
<p>Bien entendu, notre société réalise aussi les trajets en sens inverse de Cannes vers Nice Ville ou Nice aéroport. De plus, il est tout à fait possible de réserver auprès de notre agence de transport VTC pour être déposé sur les villes suivantes :</p>
<ul>
<li>Antibes</li>
<li>Cagnes sur Mer</li>
<li>Le Cannet</li>
<li>Mandelieu La Napoule</li>
<li><a href="https://www.connect-smartdrive.com/fr/vtc-nice-saint-raphael/">Saint Raphaël</a></li>
<li>Saint Maxime</li>
</ul>
<p>Pour avoir une idée précise du tarif applicable et réserver, nous vous invitons à utiliser le simulateur en ligne <a href="#booking">présent sur notre site internet</a> puis valider.</p>
</div>
                </div>
                            </div>
            <div class="col-2 max-343">
                                                    <img class="null" alt="Le centre ville de Nice avec la vue sur la Mer Méditerranée" 
                        width="992"
                        height="1589"
                        srcset="https://connect-smartdrive.com/app/uploads/2024/06/nice-cote-d-azur-3-768x1230.webp 768w, https://connect-smartdrive.com/app/uploads/2024/06/nice-cote-d-azur-3-172x276.webp 172w, https://connect-smartdrive.com/app/uploads/2024/06/nice-cote-d-azur-3-343x549.webp 343w, https://connect-smartdrive.com/app/uploads/2024/06/nice-cote-d-azur-3-480x769.webp 480w, https://connect-smartdrive.com/app/uploads/2024/06/nice-cote-d-azur-3.webp 992w" 
                        sizes="(max-width: 768px) 100vw, 
                            50vw">
                            </div>
        </div>
            </div>
    </section>



<section class="sec-c-content-columns section-pt-8 section-pb-8 section-pink section-60 ">
    <div class="container">
                        <div class="row-48-39  content">
            <div class="col-1 max-311">
                <div class="headline">
                                            <h2 class="h1" >Réservez en obtenant notre application</h2>
                                        <div class="description"><p>Avec l’application Connect Smart Drive, réserver un VTC à Nice n’a jamais été aussi simple. En quelques clics, vous pouvez organiser vos déplacements, sélectionner le véhicule qui répond le mieux à vos besoins et recevoir une confirmation immédiate de votre réservation. De plus, nos services flexibles vous offrent la possibilité d’ajuster votre trajet à tout moment.</p>
</div>
                </div>
                                <div class="buttons">
                                            <a href="#modal-app" class="cta">Obtenir l&rsquo;application</a>
                                                        </div>
                            </div>
            <div class="col-2 max-343">
                                                    <img class="image-style-handphone" alt="Book a Private Driver with Connect Smart Drive" 
                        width="890"
                        height="902"
                        srcset="https://connect-smartdrive.com/app/uploads/2024/05/connect-smart-drive-services-vtc-prives-768x778.webp 768w, https://connect-smartdrive.com/app/uploads/2024/05/connect-smart-drive-services-vtc-prives-172x174.webp 172w, https://connect-smartdrive.com/app/uploads/2024/05/connect-smart-drive-services-vtc-prives-343x348.webp 343w, https://connect-smartdrive.com/app/uploads/2024/05/connect-smart-drive-services-vtc-prives-480x486.webp 480w, https://connect-smartdrive.com/app/uploads/2024/05/connect-smart-drive-services-vtc-prives.webp 890w" 
                        sizes="(max-width: 768px) 100vw, 
                            50vw">
                            </div>
        </div>
            </div>
    </section>



<section class="sec-c-content-columns section-pt-8 section-pb-8 section-grey  section-70 section-reverse ">
    <div class="container">
                        <div class="row-50-50  content">
            <div class="col-1 max-311">
                <div class="headline">
                                            <h2 >Une prise en charge effective au sein d’un véhicule haut de gamme</h2>
                                        <div class="description"><p>Chez Connect Smart Drive, nous savons que les voyageurs qui réservent un transfert Nice Cannes recherchent un service haut de gamme. La majorité de notre clientèle est constituée de locaux qui voyagent de façon récurrente, d’hommes d’entreprises faisant du tourisme d&rsquo;affaires dans la région ainsi que la clientèle étrangère venant participer au Festival du Film.</p>
<p>Pour que nous puissions vous identifier facilement dès votre arrivée au Terminal de l’aéroport de Nice, nos chauffeurs disposent d’une pancarte où votre nom est affiché. Cette modalité permet de vous prendre en charge plus rapidement et surtout de pouvoir vous accueillir en vous soulageant après un voyage fatiguant en avion. Par la suite, nous savons que le trajet sur la French Riviera est un véritable régal. Le long de la côte azuréenne, vous pourrez vous détendre jusqu&rsquo;à votre arrivée sur Cannes en admirant le paysage maritime pour vous décontracter. </p>
<p>De plus, si vous avez besoin de continuer à organiser votre planning ou travailler à l’aide de votre ordinateur, vous pouvez profiter de notre connexion WIFI.</p>
</div>
                </div>
                            </div>
            <div class="col-2 max-343">
                                                    <img class="null" alt="La plage de Nice" 
                        width="992"
                        height="1489"
                        srcset="https://connect-smartdrive.com/app/uploads/2024/06/nice-cote-d-azur-4-768x1153.webp 768w, https://connect-smartdrive.com/app/uploads/2024/06/nice-cote-d-azur-4-172x258.webp 172w, https://connect-smartdrive.com/app/uploads/2024/06/nice-cote-d-azur-4-343x515.webp 343w, https://connect-smartdrive.com/app/uploads/2024/06/nice-cote-d-azur-4-480x720.webp 480w, https://connect-smartdrive.com/app/uploads/2024/06/nice-cote-d-azur-4.webp 992w" 
                        sizes="(max-width: 768px) 100vw, 
                            50vw">
                            </div>
        </div>
            </div>
    </section>



<section class="sec-c-content-columns section-pt-8 section-pb-8 section-grey  section-70 ">
    <div class="container">
                        <div class="row-50-50  content">
            <div class="col-1 max-311">
                <div class="headline">
                                            <h2 >Profitez de notre expérience inédite de transport lors du Festival de Cannes</h2>
                                        <div class="description"><p>Cannes, c’est aussi une ville côtière légendaire dans le monde qui attire des millions de visiteurs chaque année. En effet, toute la clientèle internationale transite par l’aéroport de Nice pour rejoindre le Festival de Cannes exerçant aussi une pression continue sur la demande en transport privé à cette période. Cinéphiles et stars du cinéma pourront ainsi réserver une flotte de véhicules conséquente sur le site de notre entreprise. Si vous souhaitez obtenir un devis précis pour tout votre séjour, vous pouvez nous envoyer une demande par email qui sera étudiée minutieusement.  </p>
<p>Par expérience, nous savons que les besoins en chauffeur privé sont récurrents tout au long du festival. En plus de l&rsquo;événement, les galas, soirées privées, projections sont d’autres occasions vous nécessiteraient le renfort de nos chauffeurs privés pour vous déplacer à votre convenance. </p>
</div>
                </div>
                                <div class="buttons">
                                            <a href="#booking" class="cta">Réserver mon transfert vers Cannes</a>
                                                        </div>
                            </div>
            <div class="col-2 max-343">
                                                    <img class="null" alt="Festival de Cannes" 
                        width="992"
                        height="1486"
                        srcset="https://connect-smartdrive.com/app/uploads/2025/03/festival-de-cannes-768x1150.webp 768w, https://connect-smartdrive.com/app/uploads/2025/03/festival-de-cannes-172x258.webp 172w, https://connect-smartdrive.com/app/uploads/2025/03/festival-de-cannes-343x514.webp 343w, https://connect-smartdrive.com/app/uploads/2025/03/festival-de-cannes-480x719.webp 480w, https://connect-smartdrive.com/app/uploads/2025/03/festival-de-cannes.webp 992w" 
                        sizes="(max-width: 768px) 100vw, 
                            50vw">
                            </div>
        </div>
            </div>
    </section>


<section class="sec-e-content-columns section-pt-8 section-light  section-70 ">
    <div class="container max-311">
        <div class="headline">
            <h2 class="title ">Votre satisfaction est notre priorité</h2>
        </div>
        <div class="content row-50-50">
            <div class="col-1">
                <div class="image">
                                                                <img decoding="async" alt="5 stars" src="https://connect-smartdrive.com/app/uploads/2024/05/five-stars.svg">
                                    </div>
                                    <div class="text h4">Nos chauffeurs VTC vous garantissent un service irréprochable</div>
                            </div>
            <div class="col-2 ">
                <div><p>Nos chauffeurs VTC sont dédiés à fournir un service irréprochable, alliant confort, ponctualité et sécurité. Profitez d’un trajet sans stress et d’une expérience client exceptionnelle, que ce soit pour vos déplacements professionnels ou personnels. Réservez dès maintenant pour un voyage en toute tranquillité avec Connect Smart Drive.</p>
</div>
                                    <a href="#booking" class="cta">Réserver une course</a>
                            </div>
        </div>
    </div>
</section>
